914 a multiple of 19?
False
Is 574 a factor of 936194?
True
Is 4549074 a multiple of 45?
False
Is 2842226 a multiple of 118?
False
Is 1613844 a multiple of 9?
True
Is 175 a factor of 108850?
True
Is 7854258 a multiple of 6?
True
Does 14 divide 21010?
False
Is 65367 a multiple of 25?
False
Is 146292 a multiple of 219?
True
Is 71443 a multiple of 27?
False
Is 14456 a multiple of 52?
True
Is 729638 a multiple of 14?
True
Is 29 a factor of 295191?
True
Does 32 divide 6828?
False
Does 243 divide 574938?
True
Is 28240 a multiple of 3?
False
Is 8 a factor of 281112?
True
Is 3631092 a multiple of 258?
True
Is 37376 a multiple of 10?
False
Is 42429 a multiple of 73?
False
Is 188855 a multiple of 4?
False
Does 16 divide 9141136?
True
Is 175945 a multiple of 26?
False
Is 1530624 a multiple of 384?
True
Does 84 divide 2937564?
True
Does 223 divide 661195?
True
Is 38 a factor of 2363296?
True
Does 5 divide 60228?
False
Does 11 divide 276311?
False
Does 123 divide 737385?
True
Is 219390 a multiple of 30?
True
Is 219 a factor of 278568?
True
Does 142 divide 1213390?
True
Is 2 a factor of 431566?
True
Is 541 a factor of 3023805?
False
Does 10 divide 316030?
True
Is 291780 a multiple of 90?
True
Is 1127 a factor of 9161383?
True
Is 99 a factor of 317790?
True
Is 106616 a multiple of 18?
False
Is 2065462 a multiple of 47?
True
Is 747 a factor of 17079912?
False
Is 2592592 a multiple of 24?
False
Is 190680 a multiple of 15?
True
Is 23 a factor of 261142?
True
Does 38 divide 5560668?
False
Is 16 a factor of 140051?
False
Is 148 a factor of 289869?
False
Is 65399 a multiple of 39?
False
Is 33386 a multiple of 119?
False
Is 6 a factor of 74742?
True
Does 57 divide 593676?
False
Is 12 a factor of 2393613?
False
Is 427640 a multiple of 20?
True
Is 997 a factor of 10609544?
False
Is 119462 a multiple of 53?
True
Is 29 a factor of 3880229?
True
Does 321 divide 162747?
True
Is 3 a factor of 19218?
True
Does 42 divide 246353?
False
Is 10 a factor of 5096530?
True
Is 22 a factor of 132910?
False
Is 1049834 a multiple of 11?
False
Is 61 a factor of 550450?
False
Is 3316014 a multiple of 6?
True
Does 6 divide 4283898?
True
Is 49 a factor of 1045372?
False
Does 7 divide 2648471?
True
Does 22 divide 9382758?
True
Is 81 a factor of 416016?
True
Is 501930 a multiple of 78?
True
Is 198 a factor of 253758?
False
Does 26 divide 19282404?
False
Is 723375 a multiple of 225?
True
Is 41 a factor of 2575609?
False
Does 272 divide 1195052?
False
Is 3218320 a multiple of 560?
True
Is 6 a factor of 1305270?
True
Is 39 a factor of 58188?
True
Is 162 a factor of 216902?
False
Is 28 a factor of 159628?
True
Does 274 divide 57902?
False
Is 303926 a multiple of 131?
False
Is 3 a factor of 8355?
True
Is 202 a factor of 5050687?
False
Does 130 divide 5871714?
False
Is 684288 a multiple of 144?
True
Does 3 divide 414135?
True
Does 9 divide 142821?
True
Is 4 a factor of 930168?
True
Does 34 divide 7263080?
True
Is 102 a factor of 67932?
True
Is 968 a factor of 384296?
True
Is 58440 a multiple of 118?
False
Is 224640 a multiple of 480?
True
Is 22 a factor of 124980?
False
Is 20884 a multiple of 4?
True
Does 14 divide 9731736?
True
Is 717651 a multiple of 11?
True
Does 14 divide 53788?
True
Is 3 a factor of 207564?
True
Does 77 divide 24784067?
True
Is 94 a factor of 10058?
True
Is 3 a factor of 37943?
False
Is 19 a factor of 8456636?
False
Is 2500176 a multiple of 784?
True
Does 77 divide 61988?
False
Is 47418 a multiple of 7?
True
Is 2929709 a multiple of 121?
False
Does 15 divide 851610?
True
Is 4 a factor of 42803?
False
Is 222 a factor of 135847?
False
Is 190 a factor of 1091550?
True
Is 74 a factor of 26789438?
False
Is 82133 a multiple of 64?
False
Does 31 divide 5951949?
False
Is 2281625 a multiple of 4?
False
Does 469 divide 104801?
False
Does 64 divide 2011456?
True
Does 87 divide 50025?
True
Is 64152 a multiple of 24?
True
Does 110 divide 224620?
True
Is 170 a multiple of 2?
True
Does 62 divide 4261880?
True
Is 7 a factor of 260241?
False
Does 19 divide 789773?
True
Does 47 divide 86997?
True
Is 67 a factor of 180498?
True
Does 10 divide 308700?
True
Is 208 a factor of 446368?
True
Does 638 divide 1660076?
True
Is 56 a factor of 157192?
True
Does 42 divide 192570?
True
Is 91 a factor of 864217?
False
Does 26 divide 26816486?
False
Is 62931 a multiple of 11?
True
Is 417 a factor of 492477?
True
Is 41 a factor of 37761?
True
Is 122 a factor of 332401?
False
Does 18 divide 1506330?
True
Does 13 divide 129784?
False
Is 2243962 a multiple of 29?
True
Is 67 a factor of 198052?
True
Is 16 a factor of 1430006?
False
Does 89 divide 186455?
True
Does 35 divide 414470?
True
Is 60 a factor of 235500?
True
Is 8 a factor of 369604?
False
Does 676 divide 52728?
True
Does 10 divide 19843839?
False
Does 5 divide 9513423?
False
Is 252 a factor of 326782?
False
Does 8 divide 2530521?
False
Is 17 a factor of 603786?
False
Does 71 divide 3642584?
True
Is 374343 a multiple of 4?
False
Is 103649 a multiple of 13?
True
Is 217406 a multiple of 371?
True
Does 611 divide 4466410?
True
Is 69 a factor of 171051?
True
Does 69 divide 83973?
True
Does 406 divide 1354689?
False
Is 62 a factor of 724160?
True
Is 5 a factor of 4164?
False
Does 19 divide 167459?
False
Is 453698 a multiple of 297?
False
Is 13984264 a multiple of 553?
True
Does 442 divide 26703?
False
Is 31872 a multiple of 8?
True
Is 47 a factor of 25709?
True
Is 297281 a multiple of 397?
False
Is 12 a factor of 4523098?
False
Does 54 divide 668925?
False
Is 14 a factor of 7098865?
False
Is 3189276 a multiple of 36?
True
Does 657 divide 431649?
True
Is 115 a factor of 391733?
False
Does 420 divide 7500638?
False
Is 13 a factor of 400829?
True
Does 2 divide 7459?
False
Is 24 a factor of 36576?
True
Is 683 a factor of 611968?
True
Is 1197557 a multiple of 147?
False
Does 32 divide 136480?
True
Is 413 a factor of 3319862?
False
Is 53600 a multiple of 25?
True
Does 18 divide 1378872?
True
Is 174 a factor of 35844?
True
Is 100 a factor of 585001?
False
Does 8 divide 203744?
True
Is 385 a factor of 192115?
True
Is 5232188 a multiple of 478?
True
Does 84 divide 287012?
False
Does 1189 divide 6726173?
True
Does 427 divide 13841?
False
Does 176 divide 12161286?
False
Is 12 a factor of 75024?
True
Is 15 a factor of 986291?
False
Does 64 divide 6927933?
False
Is 177675 a multiple of 23?
True
Does 32 divide 64839?
False
Is 47 a factor of 8669855?
True
Does 26 divide 2910336?
True
Is 26 a factor of 871004?
False
Is 7 a factor of 37432?
False
Is 17 a factor of 9648316?
True
Does 23 divide 15238?
False
Does 4 divide 11908827?
False
Is 767 a factor of 1478776?
True
Is 28 a factor of 1773139?
False
Is 7 a factor of 213934?
True
Is 5 a factor of 5982266?
False
Is 8160 a multiple of 32?
True
Does 19 divide 274114?
False
Does 5 divide 47739?
False
Is 8 a factor of 8104?
True
Is 40 a factor of 427043?
False
Is 9 a factor of 600300?
True
Is 5077100 a multiple of 1002?
False
Does 191 divide 2639238?
True
Does 26 divide 76492?
True
Does 66 divide 1376179?
False
Is 4091961 a multiple of 39?
False
Is 178 a factor of 354220?
True
Does 10 divide 936184?
False
Is 39850 a multiple of 50?
True
Does 39 divide 48197?
False
Does 29 divide 10610433?
True
Is 57 a factor of 1473279?
True
Does 1189 divide 29310007?
False
Is 457756 a multiple of 58?
False
Is 32 a factor of 179232?
True
Does 12 divide 194880?
True
Is 52668 a multiple of 11?
True
Does 411 divide 20161605?
True
Does 51 divide 621180?
True
Does 939 divide 970926?
True
Is 22197 a multiple of 7?
True
Is 84 a factor of 120624?
True
Does 51 divide 7918386?
False
Does 4 divide 146134?
False
Is 13313898 a multiple of 13?
True
Is 768745 a multiple of 950?
False
Is 14586285 a multiple of 14?
False
Does 26 divide 9510969?
False
Is 61 a factor of 2185080?
False
Is 3579675 a multiple of 1028?
False
Is 7227278 a multiple of 17?
True
Is 84 a factor of 2764395?
False
Does 93 divide 866921?
False
Is 6303184 a multiple of 14?
False
Does 75 divide 1418572?
False
Is 197560 a multiple of 440?
True
Is 1930866 a multiple of 62?
True
Is 285531 a multiple of 487?
False
Is 2815360 a multiple of 320?
True
Does 12 divide 2856032?
False
Is 6360 a multiple of 259?
False
Does 35 divide 2406530?
True
Does 88 divide 724550?
False
Is 20 a factor of 74240?
True